 = 57 - 50. What is the highest common factor of 56 and w?
7
Let k(m) = 7*m - 6. Let y be k(3). Calculate the greatest common divisor of 165 and y.
15
Let u = 49 - 42. Calculate the greatest common factor of u and 1.
1
Suppose 6*d - d - 135 = 0. Let v = d + -9. Calculate the greatest common factor of 27 and v.
9
Suppose 11*k - 15 = 8*k. Let l be (-2)/6*3*1. Let v be (-25)/(-1) + 1 + l. What is the highest common factor of v and k?
5
Let p(u) = -5 + 6*u - 6*u + 2*u**2 + 6*u - 3*u. Suppose 4*b = 4*z + z + 50, 5*z + 4*b + 10 = 0. Let d be p(z). Calculate the greatest common divisor of d and 7.
7
Let a be (-4)/(-8) + 15/2. What is the greatest common factor of 56 and a?
8
Let l be 803/44 - (-6)/8. What is the highest common factor of l and 57?
19
Suppose 3 = 5*p - 2*p. Let n(k) = 16*k - 1. Let m be n(p). What is the greatest common divisor of m and 135?
15
Suppose -3*v + 16 = -x, x + 6 = -2*v + 5*x. Suppose 4*a + 52 = -0*a. Let q = a - -27. What is the highest common factor of v and q?
7
Suppose 4*f + m = 71, 5*f - 94 = -m - 2*m. Suppose 2*j - 5 = f. What is the greatest common divisor of j and 22?
11
Suppose 52 = v - 56. What is the highest common factor of v and 12?
12
Let q(a) = 9*a**2 - 4*a + 4. Let h be q(2). Calculate the highest common factor of 96 and h.
32
Let z be (-21)/(-4) + (-18)/(-24). Suppose 4*a = 6 + z. What is the highest common factor of 9 and a?
3
Let g(v) = -v + 14. Let a be g(10). What is the highest common factor of 12 and a?
4
Let n = -51 + 57. What is the highest common divisor of n and 42?
6
Suppose 5*n + 11 + 9 = 0, -2*l + 42 = -3*n. Let h be l/(-6)*8*-6. Calculate the greatest common divisor of 15 and h.
15
Suppose -4*k + 14 = 2*l, -l - 7 - 7 = -5*k. Suppose 5*s - 6 = -l. Calculate the greatest common factor of s and 7.
1
Let i = 4 - 0. Suppose 0 = -2*t + 5 + 1. Suppose -7 = -2*x - z - i*z, -t*x + 14 = 4*z. What is the greatest common divisor of 30 and x?
6
Let j(y) = -3*y**2 + 23*y. Let g be j(7). Calculate the highest common factor of g and 56.
14
Suppose 9 = 4*m - m. Suppose -m*p + 48 = -30. What is the greatest common factor of p and 65?
13
Let l(v) = v**3 + 12. Let k be l(0). What is the highest common factor of k and 36?
12
Let r(h) = -65*h + 7. Let k be r(-4). Suppose 153 = 5*n - k. What is the greatest common divisor of 12 and n?
12
Let o = 28 + -12. Suppose 0*k + o = 4*k. Calculate the highest common factor of k and 4.
4
Suppose -33 = -4*k + 7. Calculate the greatest common factor of 4 and k.
2
Let j(i) be the first derivative of 3*i**2/2 - i + 2. Let t be j(4). Let x = t + -3. What is the greatest common factor of x and 32?
8
Suppose -4*s + 82 + 443 = -m, -s + 141 = 3*m. What is the greatest common factor of s and 12?
12
Let d(s) be the second derivative of 2*s + 0 + 21/2*s**2 - 1/6*s**3. Let g be d(13). What is the greatest common factor of g and 8?
8
Let p = -4 - -6. Suppose 0 = -2*n - 4*t - 32, 0*t - 2*t = -5*n - 92. Let b = -10 - n. Calculate the highest common divisor of p and b.
2
Suppose 4*n = u + 81, 3*u + 0*u + 54 = 3*n. What is the greatest common factor of 21 and n?
21
Suppose -6*w = -3*w - 126. Suppose -2*a - 3*r = -w, 3*r = 3*a + 8*r - 64. Let v = 284 + -140. Calculate the greatest common factor of v and a.
18
Let d(n) = -3*n + 13. Let o be d(-7). Calculate the highest common divisor of o and 238.
34
Let f be (-1 - -3) + 52/2. Suppose -1 = -d + 1. Suppose -4*r = 4*x + 4, d = -2*x - 8. What is the highest common factor of f and r?
4
Let q = 9 - 6. Suppose m - 1 = -3*w, -q*m - w = -8*m + 53. Let g be (0 - 6/(-10))*m. Calculate the greatest common divisor of 24 and g.
6
Suppose n + 3*n = 48. What is the greatest common divisor of n and 6?
6
Let l(a) = -a**2 + 2*a + 3. Let i be l(3). Suppose i = 2*q - 2 - 42. Calculate the greatest common factor of 55 and q.
11
Suppose -s = s + 40. Let x = 32 + s. Let z be (-2)/(-9) + (-212)/(-18). Calculate the highest common divisor of z and x.
12
Suppose 36 + 21 = 3*w. Let i be -2 + w - (8 - 5). What is the highest common divisor of i and 14?
14
Suppose -5*r + 55 + 65 = 0. Suppose 5*g = g + 864. What is the highest common divisor of g and r?
24
Suppose 5*k - 4 = -2*u + 2, -2 = k. Suppose 0*j = -4*t + 5*j - 8, 3*j + 2 = -t. Let y be 10*1 + (-4)/t. Calculate the highest common divisor of y and u.
4
Let u be (2/2)/((-2)/2). Let h be 2 + (-4 - -1) + 3. Let t be -2 - 154/(h*u). What is the greatest common divisor of t and 30?
15
Let k be (-3 - -2)/(1/(-2)). Suppose -5*a + k = -3*a, -a - 27 = 2*t. Let y = t - -122. What is the highest common factor of 12 and y?
12
Let v = 50 - 39. Calculate the greatest common factor of v and 33.
11
Let x(p) = -44*p**2 - 14*p - 3. Let q(z) = -15*z**2 - 5*z - 1. Let g(n) = 8*q(n) - 3*x(n). Let d be g(-1). Calculate the highest common divisor of d and 44.
11
Suppose -n - 12 = -4*n, 0 = 2*w + 3*n - 12. Suppose -3*y - o + 66 = w, -y + 4*y - 81 = 4*o. What is the greatest common factor of y and 253?
23
Suppose -3 = 4*q - 35. Let o = 7 + 1. Calculate the highest common factor of o and q.
8
Suppose 22 = 5*p - 3. What is the greatest common factor of 40 and p?
5
Suppose 4*y - 4*c = 44, -c + 37 = 5*y - 0*c. Suppose y*t - 3*t = 120. What is the greatest common divisor of 16 and t?
8
Suppose 0 = -u + 20 - 1. What is the greatest common divisor of 76 and u?
19
Let b = 11 - -24. Let r(l) = 4*l - 13. Let f be r(5). Calculate the greatest common divisor of f and b.
7
Let m = 145 - -11. Suppose 2*u = -0*u + m. What is the highest common divisor of 52 and u?
26
Let h be (-23)/(-4) - 8/(-32). Suppose 0 = 3*c - h*c + 75. Calculate the greatest common divisor of c and 125.
25
Let c be (54/45)/(3/10). Suppose c*o = 341 + 495. Calculate the greatest common factor of 19 and o.
19
Suppose 0 = 2*h, 4*l + 0*h - 880 = 5*h. Let n be l/(-6)*(1 - 4). Calculate the highest common divisor of 22 and n.
22
Let r(x) = -x**3 + 3*x**2 + x. Let p be r(2). Suppose -3 = -h + p. Calculate the highest common factor of h and 9.
9
Let w be (4/2)/(2/27). Let q = -47 + w. Let c = 30 + q. What is the greatest common divisor of c and 20?
10
Let o be 1/6 - 65/(-6). Let j be 12/(-66) + 167/o. Calculate the highest common divisor of 15 and j.
15
Suppose 9*c - 3*c = 18. Calculate the highest common factor of 9 and c.
3
Suppose 0 = -2*j - 5*n + 43, 3*n + 77 = 3*j - 2*n. Calculate the highest common divisor of 8 and j.
8
Let g = 160 + -50. Calculate the greatest common divisor of g and 10.
10
Suppose 2*a - 4 = 8. Let p(y) = 0*y**3 - 4 - 4*y**2 + 3*y**3 - 3*y - 2*y**3. Let o be p(5). Calculate the greatest common divisor of o and a.
6
Suppose 2*v = -3 + 27. Let o be (5/3)/(2/v). Let l = 15 - o. Calculate the greatest common divisor of 55 and l.
5
Let i be (-2 + -1)*(-2 - -1). Let x(y) = 30*y - 2. Let z be x(i). Let d = 1 - -7. What is the highest common factor of d and z?
8
Let n = -27 - 6. Let q = 9 - n. Suppose -12 = -w - w. What is the greatest common factor of w and q?
6
Let x(q) = 2*q. Let a(g) = g. Let l(v) = 3*a(v) - x(v). Let r be l(-3). Let b = 15 - r. What is the highest common divisor of b and 45?
9
Let f be 2822/51 - 2/6. What is the greatest common divisor of 66 and f?
11
Let s(m) = 4*m**2 - 8*m + 11. Let h be s(-9). What is the highest common factor of 37 and h?
37
Suppose 5*f = -0*f. Let p be (f + -1)*-5 - 2. Calculate the greatest common factor of p and 3.
3
Let u = -74 - -122. What is the greatest common factor of u and 12?
12
Suppose o + 38 = -0*o. Let r = o + 68. Calculate the greatest common factor of r and 6.
6
Suppose 0 = -3*q + 6*q - 576. Suppose 2*y - q = y. What is the greatest common factor of 24 and y?
24
Suppose 6*d - 7*d = -20. Let g be (-3)/((-6)/10)*1. What is the highest common factor of d and g?
5
Let k be (-1)/((-4)/(-2))*-572. What is the greatest common factor of 26 and k?
26
Let d be (-15)/(-3)*9/15. Calculate the greatest common divisor of 9 and d.
3
Let f(l) be the third derivative of -l**6/20 - l**5/30 - l**4/8 - l**3/6 + 7*l**2. Let c be f(-2). Calculate the highest common factor of 15 and c.
15
Let i(w) = 3*w**3 - 4*w**2 + 5*w - 3. Let s be i(3). What is the greatest common divisor of 38 and s?
19
Let r(z) = -2*z**3 + 14*z**2 + 4*z - 6. Let a be r(7). What is the greatest common divisor of a and 44?
22
Let y(r) be the first derivative of r**4/4 